lculate j(7).
-9
Let n(p) = -10*p - 9. Determine n(-7).
61
Let r(m) = -m - 4. Determine r(-1).
-3
Let q(l) = l**3 - 17*l**2 - 19*l + 8. Determine q(18).
-10
Let j(v) = v**3 + 6*v**2 + 7*v - 1. Calculate j(-4).
3
Let l(g) = -3*g + 61. What is l(0)?
61
Let z(o) = -o**2 - 11*o. What is z(-10)?
10
Let m(i) = 2*i**2 + 19*i - 1. Give m(-9).
-10
Let a(r) = -2*r - 2. What is a(2)?
-6
Let o(q) = 90*q - 1. What is o(-1)?
-91
Let y(w) = -w**3 - 16*w**2 - 15*w - 8. Calculate y(-15).
-8
Let c(q) = q**3 - 7*q**2 - 5*q - 9. What is c(7)?
-44
Let s(o) = -3*o**2 - 25*o + 14. Determine s(-10).
-36
Let z(q) = -q**2 + 15*q - 4. Determine z(8).
52
Let c(n) = n**2 + 27*n - 3. Calculate c(-10).
-173
Let g(b) = -b**2 - 2*b + 2. Give g(5).
-33
Let a(g) = -g**2 - 8*g - 3. What is a(-3)?
12
Let k(u) = u**3 + 9*u**2 - 17*u + 52. Give k(-11).
-3
Let w(a) = -a**2 + 3*a + 4. Give w(4).
0
Let x(h) = 7*h - 4. Give x(-3).
-25
Let g(t) = -2*t**2 + 4*t + 8. What is g(-5)?
-62
Let o(w) = -w**2 - 10*w - 12. Determine o(-8).
4
Let m(q) = 16*q + 16. Calculate m(4).
80
Let d(g) = g**3 + 21*g**2 - g + 33. Determine d(-21).
54
Let v(f) = -f**3 - 4*f**2 + f + 4. Calculate v(-4).
0
Let l(q) = 2*q**2 - 21*q + 2. What is l(10)?
-8
Let g(b) = b**3 + b + 4. Give g(4).
72
Let u(k) = -k**2 - 14*k + 145. Calculate u(-21).
-2
Let u(b) = 2*b**2 - 10*b - 8. What is u(6)?
4
Let j(t) = 5*t + 7. Determine j(-3).
-8
Let i(n) = 7*n + 35. Calculate i(-7).
-14
Let p(g) = -4*g**3 + 2. Determine p(-2).
34
Let s(u) = -6*u**2 + 5*u + 3. Give s(-1).
-8
Let a(v) = v**3 - 34*v**2 - 5*v + 177. Calculate a(34).
7
Let r(z) = -z**2 + 23*z - 55. Determine r(22).
-33
Let m(f) = -f**3 + 30*f**2 - 7*f + 217. What is m(30)?
7
Let m(l) = -l**2 - 8*l - 15. Give m(-5).
0
Let w(y) = y**3 + 18*y**2 + 2*y + 52. Give w(-18).
16
Let n(m) = m + 11. Determine n(-13).
-2
Let i(q) = q**3 + 22*q**2 + 38*q - 38. Calculate i(-20).
2
Let q(c) = c**2 + 15*c - 21. What is q(-14)?
-35
Let a(b) = b**3 + 6*b**2 + 3*b - 6. Determine a(-3).
12
Let t(d) = d**2 - 2*d + 12. What is t(9)?
75
Let r(y) = -17*y**2 + 2*y + 10. Give r(-3).
-149
Let a(r) = -12*r - 6. Give a(1).
-18
Let n(i) = -i**3 + 10*i**2 - 25*i + 64. Give n(8).
-8
Let n(s) = 5*s - 40. Calculate n(6).
-10
Let v(g) = -2*g**3 - 3*g**2 + 4. Calculate v(-2).
8
Let c(f) = f**3 - 5*f**2 + 3*f + 5. Determine c(4).
1
Let n(t) = 2*t**3 + 2*t**2 - 11*t + 7. What is n(-5)?
-138
Let a(h) = 5*h + 33. Calculate a(-6).
3
Let r(v) = v**2 - 20*v + 27. Determine r(21).
48
Let l(o) = o**3 + 13*o**2 - 34*o - 27. Determine l(-15).
33
Let d(f) = -f**3 + 9*f**2 + 6. Calculate d(9).
6
Let r(g) = 3*g**3 + 12*g**2 + 8*g + 5. Give r(-5).
-110
Let w(q) = q + 1. Determine w(1).
2
Let l(o) = o**3 - 5*o**2 - 6. Determine l(5).
-6
Let t(w) = -w**3 + 16*w**2 - 62*w + 23. What is t(10)?
3
Let o(w) = -w. What is o(-10)?
10
Let n(u) = -2*u - 117. Give n(-55).
-7
Let l(a) = -a**3 + 6*a**2 + 6. Determine l(6).
6
Let x(h) = 5*h - 5. What is x(2)?
5
Let t(u) = -u**3 + 14*u**2 + 16*u - 12. What is t(15)?
3
Let u(z) = 9*z - 10. What is u(8)?
62
Let h(x) = x - 21. What is h(16)?
-5
Let r(g) = g**3 - g**2 - 4. Determine r(0).
-4
Let b(f) = -13*f + 10. Calculate b(2).
-16
Let j(u) = 2*u**2 + 14*u - 5. What is j(-7)?
-5
Let z(p) = p**2 + 6*p + 8. What is z(-6)?
8
Let r(p) = p**2 - 2*p - 5. Determine r(4).
3
Let y(f) = -2*f**3 + 40*f**2 - f + 1. What is y(20)?
-19
Let v(b) = -b**3 - 11*b**2 + 15. Give v(-11).
15
Let p(x) = x**3 + 6*x**2 + 3*x + 20. What is p(-6)?
2
Let a(s) = 2*s**3 + 17*s**2 + 5*s - 10. Give a(-8).
14
Let c(i) = 5*i - 40. Give c(9).
5
Let x(m) = -14*m**3 + 4*m**2 + m - 4. Give x(2).
-98
Let d(r) = -r**2 + 16. Determine d(0).
16
Let z(g) = -9*g - 156. Determine z(-18).
6
Let y(t) = -12*t + 13. What is y(2)?
-11
Let l(v) = -v - 4. What is l(-3)?
-1
Let c(l) = -6*l**2 - 4*l - 2. Give c(-3).
-44
Let g(f) = -f**2 + 11. Determine g(0).
11
Let z(l) = l**2 - 26*l + 50. What is z(23)?
-19
Let h(t) = -t - 10. Give h(-9).
-1
Let u(l) = -l**3 + 7*l**2 - 7*l + 13. Calculate u(6).
7
Let h(b) = -5*b**2 - 4*b - 3. Calculate h(-2).
-15
Let o(k) = 5*k - 17. What is o(5)?
8
Let y(s) = -s**3 + 13*s**2 + 27*s + 49. Calculate y(15).
4
Let g(q) = -q**3 + 12*q**2 - 19*q - 25. What is g(9)?
47
Let p(q) = q + 9. Calculate p(8).
17
Let t(f) = f**3 + 4*f**2 - 8*f - 4. Calculate t(-5).
11
Let c(q) = q + 1. Give c(-2).
-1
Let v(o) = -o - 15. Give v(-9).
-6
Let q(o) = o**2 - 22*o + 44. Determine q(21).
23
Let p(i) = 19*i - 12. Calculate p(2).
26
Let b(c) = -24*c - 7. Determine b(-2).
41
Let q(t) = 21*t**2 + 2*t - 1. Calculate q(1).
22
Let y(g) = g**3 - 17*g + 3. Calculate y(4).
-1
Let m(h) = -9*h**2 - 5*h. Give m(-1).
-4
Let w(n) = -n + 18. Calculate w(12).
6
Let f(x) = -x - 7. Determine f(7).
-14
Let v(w) = w**3 + 11*w**2 - 22*w + 24. Determine v(-13).
-28
Let f(t) = -t**3 - 13*t**2 + 14*t - 11. Calculate f(-14).
-11
Let g(l) = l**3 - 2*l**2 + 3*l + 1. What is g(0)?
1
Let l(z) = -2*z + 5. Give l(-3).
11
Let l(r) = r + 3. Calculate l(-14).
-11
Let k(d) = 2*d**3 - 19*d**2 + 25*d - 1. Give k(8).
7
Let y(v) = 2*v**2 + 55*v - 95. What is y(-29)?
-8
Let n(y) = -y**2 + 23*y + 3. Give n(23).
3
Let z(q) = q**3 + 9*q**2 + 8*q + 18. Calculate z(-8).
18
Let u(z) = -3*z - 13. Calculate u(-8).
11
Let i(x) = x**2 + 17*x + 39. Give i(-14).
-3
Let p(a) = -a**2 - 29*a - 61. Give p(-2).
-7
Let z(f) = 6*f + 23. Calculate z(-8).
-25
Let p(v) = 6*v**2 - 3. Give p(-2).
21
Let n(x) = 3*x**3 - 6*x**2 + 5*x - 8. Calculate n(3).
34
Let y(l) = l**3 - 5*l**2 + l - 6. Determine y(5).
-1
Let f(d) = -d + 8. What is f(-7)?
15
Let q(l) = 16*l + 184. Determine q(-12).
-8
Let x(b) = -2*b. Determine x(14).
-28
Let h(j) = 12*j + 79. Calculate h(-6).
7
Let v(p) = 117*p**3 + 3*p**2 - 3*p. Calculate v(1).
117
Let w(d) = 14*d + 2. Determine w(-2).
-26
Let k(m) = 5*m - 4. Determine k(3).
11
Let j(y) = -y**3 - 2*y**2 - 3*y + 4. Determine j(-3).
22
Let s(t) = -t**3 + 7*t**2 - 4*t - 5. Give s(7).
-33
Let c(y) = -y**2 + 8*y. Determine c(0).
0
Let f(j) = j**3 - 3*j**2 - 3*j + 13. What is f(4)?
17
Let q(m) = -m**3 + 6*m**2 - 7*m + 5. What is q(5)?
-5
Let m(y) = -y**3 - 4*y**2 - 5*y - 3. Calculate m(-1).
-1
Let p(r) = -r**2 + 2*r. Determine p(-1).
-3
Let v(c) = -60*c + 185. What is v(3)?
5
Let r(b) = -2*b**2 - 5*b + 1. Calculate r(-2).
3
Let f(x) = 2*x + 23. What is f(-6)?
11
Let r(a) = -a**2 + 6*a - 3. Calculate r(4).
5
Let n(v) = 4*v**3 + 2*v**2 - 5*v + 4. Give n(2).
34
Let q(b) = -2*b**2 - b + 68. Calculate q(0).
68
Let f(y) = -y**2 + 33*y - 177. Give f(26).
5
Let o(m) = -3*m - 4. What is o(6)?
-22
Let w(n) = n**3 + n**2 + n - 2. Give w(0).
-2
Let j(f) = 2*f - 1. Give j(2).
3
Let o(h) = 26*h - 43. Calculate o(0).
-43
Let i(o) = o**3 + 2*o**2 + 2*o + 1. Calculate i(0).
1
Let p(m) = -4*m**3 - 9*m**2 - 7*m + 1. Give p(-3).
49
Let h(l) = l**3 + 8*l**2 + 9*l + 14. What is h(-7)?
0
Let b(p) = 6*p**2 + 4*p + 7. Calculate b(-2).
23
Let s(k) = -26*k**3 + k**2 - 2*k. What is s(1)?
-27
Let t(q) = q**3 - 2*q**2 - 15*q - 9. Give t(5).
-9
Let y(t) = t. What is y(-3)?
-3
Let a(q) = -q**3 - 17*q**2 - 19*q - 49. Calculate a(-16).
-1
Let f(n) = -5*n - 32. What is f(7)?
-67
Let f(a) = -45*a - 534. Determine f(-12).
6
Let n(i) = -i**3 - 10*i**2 - 10*i + 34. What is n(-8)?
-14
Let s(n) = -n**3 + 5*n**2 - 3*n + 3. What is s(5)?
-12
Let w(t) = 10*t + 57. What is w(-6)?
-3
Let u(o) = 2*o**2 + 9*o + 9. Give u(-5).
14
Let y(l) = -l**2 - 35*l - 186. Give y(-28).
10
Let r(g) = -g**3 - g - 4. What is r(3)?
-34
Let f(q) = 2*q. Calculate f(0).
0
Let x(n) = 3*n**2 + 10*n. Determine x(-3).
-3
Let k(h) = 2*h**2 - 14*h + 13. What is k(5)?
-7
Let d(a) = -a**2 - 27*a - 9. What is d(-4)?
83
Let j(w) = 12*w + 42. What is j(-5)?
-18
Let l(u) = u**3 - 4*u**2 - 80*u - 15. What is l(-7)?
6
Let j(u) = 2*u**2 - 18*u + 7. What is j(8)?
-9
Let x(p) = -11*p + 81. What is x(7)?
4
Let u(q) = -q**3 + 4*q**2 - q - 4. Calculate u(5).
-34
Let q(b) = b**3 - 17*b**2 - 4*b + 66. What is q(17)?
-2
Let s(w) = w**2 + 2*w - 2. Determine s(4).
22
Let z(y) = 3*y**2 - 26*y + 9. What is z(8)?
-7
Let v(y) = -y**2 + y - 3. Determine v(5).
-23
Let c(f) = -45*f**2 - f + 1. Calculate c(1).
-45
Let n(y) = y**2 - 10*y - 23. Calculate n(12).
1
Let h(d) = d**2 - 11*d - 71. Calculate h(15).
-11
Let k(t) = -t**3 + 5*t**2 - 4*t - 6. Give k(5).
-26
Let l(n) 